16, -2*c - h*q + 22 = -0*c. Let u be 67 - (0/c - 1). Calculate the greatest common divisor of u and 17.
17
Suppose 0 = 10*m + 62 - 282. Calculate the greatest common divisor of m and 242.
22
Suppose 0 = -5*m - 5*d - 125, 2*m + 42 + 12 = -4*d. Let f = -8 - m. Let z = -5 - -20. What is the highest common factor of z and f?
15
Suppose k = -3*k + 224. Suppose -l = 1 + 1, 62 = 4*u - 3*l. What is the greatest common divisor of k and u?
14
Let p be -1*19/(-1 + 0). Suppose 0 = -3*z + n - 11, -5 = -2*n + 5. Let d be (-1)/(z*(-3)/(-1254)). Calculate the greatest common factor of d and p.
19
Suppose 3*w = 38 + 28. Let k = 8 + -6. What is the greatest common factor of w and k?
2
Suppose 399 = 3*s - 3*g, 3*g + 23 = 8. Suppose -4*a - 12 = -s. Let x = -13 + a. Calculate the greatest common divisor of x and 160.
16
Let s(g) = -g**3 + 6*g**2 + g - 6. Let a be s(6). Suppose -3*l + 81 - 21 = a. Calculate the greatest common divisor of 50 and l.
10
Let o(w) = -19*w**3 - w. Let h be o(-2). Suppose -5*i = -n - 198, 0*i - 4*i + 3*n + h = 0. Calculate the greatest common divisor of 60 and i.
20
Let r = -30 + 40. What is the highest common divisor of 110 and r?
10
Suppose -7*v = -6*v - 4. Calculate the highest common factor of v and 4.
4
Let j = -28 + 64. Suppose -2*g - 3 = 1. Let q be (-12)/9*6/g. Calculate the highest common factor of j and q.
4
Let r = -97 - -98. What is the greatest common factor of 24 and r?
1
Let i(j) = j**2 - 6*j + 21. Let z be i(6). What is the highest common factor of z and 126?
21
Let o(p) = p + 50. Let z be o(0). Let k be (-68)/(-7) + 4/14. What is the highest common divisor of z and k?
10
Let d = 18 - 9. Let x(j) = -35*j + 1. Let n be x(-1). What is the greatest common factor of n and d?
9
Let j(v) = 2*v - 3. Let a be 12/((-7)/(21/(-6))). Let m be j(a). Calculate the greatest common divisor of 1 and m.
1
Let j be 20/(-15)*(-3)/2. Let q = j + 0. Suppose 160 = 3*u + q*u. Calculate the highest common divisor of u and 4.
4
Suppose -h = -2*h - 5*w + 71, 3*h + w = 255. Let s = h - 122. Let a be ((-1)/2)/(1/s). What is the highest common factor of 18 and a?
18
Let g be 8*3/6 - 0. Let j = 29 + -9. What is the greatest common divisor of j and g?
4
Let i = 32 - 31. What is the highest common divisor of 1 and i?
1
Let k be ((-4)/10)/((-1)/20). Calculate the greatest common divisor of k and 16.
8
Let u be (-8)/(-3)*(-4 - (-46)/4). Calculate the highest common divisor of u and 30.
10
Let v = 5 + -1. What is the greatest common factor of v and 12?
4
Let o(d) = -10*d. Let q be o(-4). Let w be 1/(-6) + (-124)/(-24). Calculate the greatest common divisor of q and w.
5
Suppose 201 = 4*n + 5*p, -5*n - 13 + 243 = 2*p. Calculate the highest common factor of 11 and n.
11
Suppose 0*i - 2 = -2*i. Let z be i/(-2) - 46/(-4). Suppose -3*y - 440 = -8*y. Calculate the greatest common factor of z and y.
11
Let p(g) = -3 - 3 + 7*g + 2. Let m be p(7). Calculate the highest common divisor of 9 and m.
9
Let f(p) = -p**2 + 11*p - 12. Let z be f(9). Suppose -4*w = 4, -z*h + 2*h = 4*w - 44. What is the greatest common divisor of 30 and h?
6
Let g(x) = -x**3 + 9*x**2 - 4*x. Let i be g(4). Let a = 15 + -12. Suppose 0 = a*u - 7*u + 32. What is the highest common factor of i and u?
8
Let o = -143 - -286. What is the greatest common factor of 13 and o?
13
Suppose 3*t - j = -229, -2*t - 169 = 2*j - 27. Let p = -35 - t. Calculate the highest common divisor of 16 and p.
8
Suppose 4*g + 4*c - 12 = 0, 0 = -0*g + 3*g + c - 15. Suppose -4*y + g = -y. Suppose 3*r - 325 = -y*r. What is the highest common factor of r and 13?
13
Let q(w) = -3*w - 3. Let j be q(-5). Suppose -t - t + j = 0. Let n be (60/9)/(11/9 + -1). What is the greatest common divisor of n and t?
6
Suppose 8 = 3*y - 31. Suppose -140 = -15*u + y*u. What is the highest common factor of u and 10?
10
Suppose 0 = 52*y - 56*y + 24. Let w = 33 + -21. What is the highest common divisor of w and y?
6
Let r(l) = 3*l**2 - 3*l - 4. Let m be r(4). Suppose -2*b + 6 + 10 = 0. Calculate the greatest common factor of b and m.
8
Let k(r) = 2*r**2 - r + 68. Let g be k(0). What is the highest common divisor of g and 136?
68
Let j = 1 + -3. Let k(z) = -z**3 - 5*z**2 - 3*z. Let b be k(j). Let n be (55/15)/((-2)/b). Calculate the greatest common factor of 11 and n.
11
Suppose 0 = 4*p - 7 - 1. Suppose -2*f + 24 - 6 = 2*i, -f + 23 = p*i. Suppose 4*g - 56 = 2*g. Calculate the greatest common divisor of g and i.
14
Let i be 56/18 + 1/(-9). What is the greatest common factor of 1 and i?
1
Suppose -2*v + k + 128 = 0, -3*v - 38 + 230 = 3*k. Calculate the highest common divisor of v and 8.
8
Let d(a) = 2*a**2 + 2*a - 4. Let z = -28 + 24. Let x be d(z). Calculate the greatest common divisor of 220 and x.
20
Suppose 52 = 4*l - 12. Let i = -6 + l. Calculate the greatest common factor of i and 2.
2
Let m(o) = o - 1. Let n be m(0). Let f be n + 5/((-15)/(-6)). What is the greatest common divisor of f and 5?
1
Let k = 6 - 2. Let j(f) = f**2 + f - 6. Let a be j(5). Suppose -p = 2*p - a. What is the greatest common factor of k and p?
4
Let t = -1 - -13. Suppose 3 - 19 = -4*a, -3*o = 5*a - 110. What is the highest common divisor of t and o?
6
Let o(t) = -t**2 - 8*t - 1. Let l be o(-7). Suppose 2 - 8 = -3*k. Suppose 0 = k*s - 57 - 39. What is the greatest common factor of l and s?
6
Let a = -68 + 69. What is the greatest common divisor of 1 and a?
1
Let c(o) = -o**2 - 12*o + 10. Let p be c(-10). Suppose 0 = 3*d - p - 24. What is the greatest common factor of d and 2?
2
Let l be (-36)/24*8/(-6) + 23. Calculate the highest common divisor of 100 and l.
25
Suppose 2*w - 3*k + 1115 = 7*w, -4*k = -20. Calculate the greatest common factor of w and 20.
20
Let b(l) = 5*l**2 - l - 11. Let n be b(4). What is the greatest common divisor of n and 5?
5
Suppose 4*d - 393 = -5*s, s + 8*d - 66 = 3*d. Calculate the greatest common divisor of s and 9.
9
Let s(k) = -k + 3. Let g be s(-9). Calculate the highest common divisor of 132 and g.
12
Suppose 3*g - 430 = 5*x, 4*g - 5*x - 572 - 3 = 0. Suppose -3*q + 91 = 4. What is the greatest common divisor of g and q?
29
Let y = 32 + -26. Let s be (-4)/y + (-422)/(-3). What is the greatest common factor of 20 and s?
20
Let p be -3 + (5*-8)/(-1). Suppose -4*l = -5*r - p, 4*l - 2*r - 2 - 32 = 0. What is the highest common divisor of l and 24?
8
Let l = 13 + -11. Calculate the greatest common divisor of l and 8.
2
Let o be (0 - 1)*-7 + (13 - 11). Let l be 11/44 + 22/8. What is the highest common divisor of l and o?
3
Suppose 0 = 5*g - 36 - 14. Calculate the greatest common factor of g and 4.
2
Let k(v) = 3*v - 7. Let d be k(5). What is the highest common divisor of 216 and d?
8
Let n be 55/(-2)*(-4)/5. Let b be (3 - (-4)/3)*3. Let q = n - b. What is the greatest common factor of q and 36?
9
Suppose z - 78 = -z. Let c = z - 25. Suppose -112 = x - 5*x. What is the highest common factor of x and c?
14
Suppose -5*f - 12 + 32 = 0. Calculate the highest common divisor of 32 and f.
4
Let f = 183 + -106. Let q(h) = -h - 7. Let d be q(-6). Let c be d/(1/(-9)) - -2. Calculate the highest common divisor of f and c.
11
Suppose 22 = w - 5*n, 5*w - 2*n - 44 = 3*w. Suppose -2*p - 4 + 0 = 0. Let c be p - -2 - (-108 + -2). Calculate the greatest common factor of w and c.
22
Let s be (-1)/(-2 - -3 - (-126)/(-123)). What is the greatest common factor of 287 and s?
41
Suppose 8 = -2*c, 4*c - 30 + 1 = -5*h. Let s = 124 + -88. Calculate the greatest common divisor of h and s.
9
Suppose -5*x = -2*n + 99, -3*x + 2*x + 81 = 2*n. Suppose 2*a - 2*r = 36, -2*a - r + 33 = -4*r. What is the greatest common divisor of n and a?
21
Suppose -5*h = -4*n + 2, -n = -4*n - 3*h + 15. What is the greatest common factor of n and 3?
3
Suppose 2*f - 34 = -r - r, -5*f + 4*r = -94. Calculate the highest common factor of f and 90.
18
Suppose 4*z = -2*f + f + 125, 0 = -5*z + f + 163. Calculate the greatest common factor of z and 32.
32
Let m be (-7)/((-1)/1*1). Suppose -12*b + m*b = -85. Calculate the greatest common divisor of 17 and b.
17
Let c = -114 - -124. What is the greatest common divisor of c and 30?
10
Suppose 3*f - 125 = -2*f. Calculate the highest common factor of 275 and f.
25
Let p = 6 + -10. Let h(l) = -2*l**3 + 3*l**2 + 6*l. Let g be h(p). Suppose -4*s + 48 = -28. What 